t is the highest common divisor of 201671300 and 250?
50
What is the highest common factor of 4935537 and 27?
9
What is the greatest common divisor of 22939805 and 1793?
163
What is the highest common divisor of 5842 and 33563052?
254
Calculate the greatest common factor of 126431 and 280108.
239
What is the highest common divisor of 140 and 93445960?
20
What is the highest common factor of 48 and 68953312?
16
What is the greatest common divisor of 7868896 and 896?
224
Calculate the highest common factor of 69964472 and 232.
232
What is the highest common divisor of 6489444 and 6630?
1326
What is the highest common divisor of 3594983 and 398419?
2303
What is the highest common factor of 9306 and 1411551?
423
Calculate the greatest common divisor of 24 and 48925752.
24
Calculate the greatest common divisor of 14657918 and 1782.
22
What is the greatest common divisor of 542582 and 7384?
142
Calculate the highest common divisor of 296520447 and 87.
87
What is the highest common divisor of 453445 and 5196874?
3943
What is the greatest common factor of 21083520 and 109440?
1920
Calculate the greatest common factor of 105300 and 7039110.
390
What is the greatest common divisor of 6173628058 and 13?
13
What is the greatest common factor of 168 and 49019733?
21
Calculate the highest common divisor of 901602 and 72072.
234
Calculate the highest common factor of 3 and 13222303.
1
What is the highest common divisor of 396 and 100217436?
132
What is the highest common divisor of 524763464 and 4?
4
What is the greatest common divisor of 33022 and 396682?
418
Calculate the greatest common divisor of 1020008649 and 22.
11
Calculate the highest common factor of 4690653 and 429.
33
What is the greatest common divisor of 19414 and 5423?
17
What is the greatest common factor of 2622436 and 9093328?
4156
Calculate the highest common divisor of 2 and 17478863.
1
Calculate the greatest common factor of 6225 and 8364740.
415
What is the highest common factor of 45257 and 337507?
167
What is the greatest common factor of 32851638 and 693?
9
Calculate the highest common factor of 245 and 5530910.
35
Calculate the highest common divisor of 17453 and 315735.
31
Calculate the greatest common divisor of 69130326 and 43.
43
Calculate the highest common divisor of 22755194 and 693.
77
What is the greatest common factor of 66 and 74352333?
33
Calculate the greatest common divisor of 7784056 and 20952.
776
What is the highest common factor of 8061 and 1851265077?
8061
Calculate the greatest common divisor of 15288 and 824082.
294
Calculate the greatest common divisor of 1375 and 821260.
55
What is the greatest common divisor of 4861337 and 901?
17
What is the highest common factor of 6010 and 159271010?
6010
Calculate the highest common divisor of 14703 and 9844926.
507
Calculate the greatest common factor of 22542864 and 624.
48
Calculate the greatest common divisor of 11746657 and 416.
13
Calculate the highest common divisor of 82524395 and 149.
149
Calculate the highest common divisor of 10352960 and 232.
8
What is the greatest common factor of 13644799 and 231?
7
Calculate the greatest common factor of 1733 and 113204759.
1733
What is the highest common divisor of 16362 and 6427438?
202
What is the greatest common divisor of 359294 and 2361986?
2126
Calculate the highest common divisor of 509794 and 3854.
82
What is the greatest common divisor of 965 and 1363352?
193
What is the greatest common divisor of 20 and 2882770?
10
Calculate the highest common divisor of 6974 and 129096.
22
Calculate the greatest common divisor of 64955 and 285373.
11
What is the highest common factor of 7492152 and 60?
12
Calculate the highest common divisor of 172 and 29370892.
172
Calculate the highest common divisor of 43 and 23352268.
43
Calculate the highest common factor of 113232 and 600096.
336
What is the greatest common factor of 17765 and 47808522?
323
Calculate the greatest common factor of 388885679 and 161.
161
What is the greatest common factor of 1479 and 151080546?
87
What is the highest common factor of 272482210 and 38142?
4238
Calculate the greatest common divisor of 2450 and 12740050.
50
Calculate the highest common divisor of 1676 and 480024836.
1676
Calculate the highest common divisor of 3806 and 1646614.
346
What is the greatest common factor of 490353941 and 154?
77
Calculate the greatest common divisor of 167574 and 11814.
66
What is the greatest common factor of 52277512 and 14?
14
What is the greatest common factor of 12006828 and 27296?
3412
What is the highest common divisor of 544102 and 127296?
442
Calculate the greatest common factor of 1017 and 3966978.
339
Calculate the highest common factor of 2144102 and 7824.
326
Calculate the greatest common factor of 6911606 and 334.
2
Calculate the greatest common factor of 5112978 and 2002.
26
What is the greatest common divisor of 510306 and 2856?
102
What is the greatest common factor of 69439205 and 418?
209
Calculate the highest common factor of 2926 and 5338410.
154
What is the greatest common divisor of 672836 and 2477519?
2851
What is the greatest common factor of 47650 and 13502104?
1906
What is the greatest common factor of 27819111 and 183?
183
Calculate the highest common divisor of 1500637941 and 11.
11
Calculate the highest common factor of 4588770 and 50.
10
What is the greatest common divisor of 828 and 180135?
9
What is the greatest common divisor of 33166 and 3107990?
46
What is the greatest common divisor of 30587 and 846435?
73
Calculate the highest common factor of 27 and 68299677.
9
Calculate the greatest common factor of 1238450 and 4930.
170
Calculate the highest common divisor of 4692 and 19091.
17
What is the greatest common factor of 10464 and 513372?
12
Calculate the highest common factor of 831417996 and 1272.
636
What is the greatest common factor of 2414655 and 10?
5
Calculate the greatest common factor of 48 and 30618752.
16
What is the greatest common divisor of 2740361 and 154843?
3601
What is the highest common divisor of 936 and 54175212?
468
Calculate the highest common factor of 2144288902 and 14.
14
What is the highest common divisor of 5913 and 2038284?
81
What is the greatest common divisor of 1256660 and 855?
95
What is the greatest common divisor of 7133082 and 12954?
762
Calculate the highest common divisor of 7809 and 138136004.
2603
Calculate the greatest common divisor of 14958565 and 2360.
295
Calculate the highest common factor of 223473704 and 6256.
3128
What is the highest common factor of 177500 and 33175?
25
Calculate the highest common divisor of 6300068 and 105524.
2852
What is the highest common factor of 11 and 105755?
1
Calculate the highest common factor of 52407 and 112428.
81
Calculate the greatest common divisor of 904 and 7379013.
113
Calculate the highest common divisor of 3456 and 116019.
27
What is the greatest common divisor of 68009 and 70903?
1447
Calculate the greatest common factor of 16338 and 5102124.
2334
Calculate the greatest common divisor of 55821904 and 64.
16
Calculate the highest common factor of 45226679 and 2551.
2551
What is the greatest common factor of 9583257 and 51?
51
Calculate the greatest common factor of 16720456 and 68716.
164
Calculate the greatest common divisor of 90450 and 30078.
54
What is the greatest common factor of 3975 and 13000900?
1325
Calculate the greatest common factor of 44260 and 2435.
5
What is the greatest common factor of 17333042 and 172?
86
Calculate the greatest common divisor of 71168 and 198656.
512
Calculate the greatest common factor of 34515 and 1889121.
2301
What is the highest common divisor of 5154385 and 14345?
755
Calculate the greatest common divisor of 15965 and 45880.
155
Calculate the greatest common factor of 284320248 and 15.
3
What is the greatest common factor of 854906 and 466622?
3406
Calculate the greatest common factor of 5170 and 8476732.
1034
What is the greatest common factor of 8572872 and 495264?
1848
What is the highest common divisor of 12241670 and 1494?
166
What is the greatest common factor of 6564480 and 706155?
3945
Calculate the greatest common divisor of 5664223 and 1928.
241
Calculate the greatest common factor of 1438594859 and 6239.
6239
What is the highest common